[INFO] cloning repository https://github.com/skade/drossel
[INFO] running `Command { std: "git" "-c" "credential.helper=" "-c" "credential.helper=/workspace/cargo-home/bin/git-credential-null" "clone" "--bare" "https://github.com/skade/drossel" "/workspace/cache/git-repos/https%3A%2F%2Fgithub.com%2Fskade%2Fdrossel", kill_on_drop: false }`
[INFO] [stderr] Cloning into bare repository '/workspace/cache/git-repos/https%3A%2F%2Fgithub.com%2Fskade%2Fdrossel'...
[INFO] running `Command { std: "git" "rev-parse" "HEAD", kill_on_drop: false }`
[INFO] [stdout] 92c9589b235fc9e1496d5c1ef9bf5759f4b68acf
[INFO] building skade/drossel against master#881c1ac408d93bb7adaa3a51dabab9266e82eee8 for issue-85264
[INFO] running `Command { std: "git" "clone" "/workspace/cache/git-repos/https%3A%2F%2Fgithub.com%2Fskade%2Fdrossel" "/workspace/builds/worker-12/source", kill_on_drop: false }`
[INFO] [stderr] Cloning into '/workspace/builds/worker-12/source'...
[INFO] [stderr] done.
[INFO] validating manifest of git repo https://github.com/skade/drossel on toolchain 881c1ac408d93bb7adaa3a51dabab9266e82eee8
[INFO] running `Command { std: "/workspace/cargo-home/bin/cargo" "+881c1ac408d93bb7adaa3a51dabab9266e82eee8" "metadata" "--manifest-path" "Cargo.toml" "--no-deps", kill_on_drop: false }`
[INFO] started tweaking git repo https://github.com/skade/drossel
[INFO] finished tweaking git repo https://github.com/skade/drossel
[INFO] tweaked toml for git repo https://github.com/skade/drossel written to /workspace/builds/worker-12/source/Cargo.toml
[INFO] crate git repo https://github.com/skade/drossel already has a lockfile, it will not be regenerated
[INFO] running `Command { std: "/workspace/cargo-home/bin/cargo" "+881c1ac408d93bb7adaa3a51dabab9266e82eee8" "fetch" "--manifest-path" "Cargo.toml", kill_on_drop: false }`
[INFO] [stderr]     Blocking waiting for file lock on package cache
[INFO] [stderr]     Blocking waiting for file lock on package cache
[INFO] running `Command { std: "docker" "create" "-v" "/var/lib/crater-agent-workspace/builds/worker-12/target:/opt/rustwide/target:rw,Z" "-v" "/var/lib/crater-agent-workspace/builds/worker-12/source:/opt/rustwide/workdir:ro,Z" "-v" "/var/lib/crater-agent-workspace/cargo-home:/opt/rustwide/cargo-home:ro,Z" "-v" "/var/lib/crater-agent-workspace/rustup-home:/opt/rustwide/rustup-home:ro,Z" "-e" "SOURCE_DIR=/opt/rustwide/workdir" "-e" "CARGO_TARGET_DIR=/opt/rustwide/target" "-e" "CARGO_HOME=/opt/rustwide/cargo-home" "-e" "RUSTUP_HOME=/opt/rustwide/rustup-home" "-w" "/opt/rustwide/workdir" "-m" "1610612736" "--user" "0:0" "--network" "none" "ghcr.io/rust-lang/crates-build-env/linux@sha256:20528e8c29e4536546f0102ce88568b16ea7538393a33fcca951030f7af10457" "/opt/rustwide/cargo-home/bin/cargo" "+881c1ac408d93bb7adaa3a51dabab9266e82eee8" "metadata" "--no-deps" "--format-version=1", kill_on_drop: false }`
[INFO] [stdout] 7258af693acd77715c2b97e760b17545e58d77ac71550f6023dafe08e13229c9
[INFO] [stderr] WARNING: Your kernel does not support swap limit capabilities or the cgroup is not mounted. Memory limited without swap.
[INFO] running `Command { std: "docker" "start" "-a" "7258af693acd77715c2b97e760b17545e58d77ac71550f6023dafe08e13229c9", kill_on_drop: false }`
[INFO] running `Command { std: "docker" "inspect" "7258af693acd77715c2b97e760b17545e58d77ac71550f6023dafe08e13229c9", kill_on_drop: false }`
[INFO] running `Command { std: "docker" "rm" "-f" "7258af693acd77715c2b97e760b17545e58d77ac71550f6023dafe08e13229c9", kill_on_drop: false }`
[INFO] [stdout] 7258af693acd77715c2b97e760b17545e58d77ac71550f6023dafe08e13229c9
[INFO] running `Command { std: "docker" "create" "-v" "/var/lib/crater-agent-workspace/builds/worker-12/target:/opt/rustwide/target:rw,Z" "-v" "/var/lib/crater-agent-workspace/builds/worker-12/source:/opt/rustwide/workdir:ro,Z" "-v" "/var/lib/crater-agent-workspace/cargo-home:/opt/rustwide/cargo-home:ro,Z" "-v" "/var/lib/crater-agent-workspace/rustup-home:/opt/rustwide/rustup-home:ro,Z" "-e" "SOURCE_DIR=/opt/rustwide/workdir" "-e" "CARGO_TARGET_DIR=/opt/rustwide/target" "-e" "CARGO_INCREMENTAL=0" "-e" "RUST_BACKTRACE=full" "-e" "RUSTFLAGS=--cap-lints=forbid" "-e" "CARGO_HOME=/opt/rustwide/cargo-home" "-e" "RUSTUP_HOME=/opt/rustwide/rustup-home" "-w" "/opt/rustwide/workdir" "-m" "1610612736" "--user" "0:0" "--network" "none" "ghcr.io/rust-lang/crates-build-env/linux@sha256:20528e8c29e4536546f0102ce88568b16ea7538393a33fcca951030f7af10457" "/opt/rustwide/cargo-home/bin/cargo" "+881c1ac408d93bb7adaa3a51dabab9266e82eee8" "build" "--frozen" "--message-format=json", kill_on_drop: false }`
[INFO] [stdout] 6af97f43717fb3b3dd5fca3576f3b1b26a0fe0f8d47ea84650fe35587997cc69
[INFO] [stderr] WARNING: Your kernel does not support swap limit capabilities or the cgroup is not mounted. Memory limited without swap.
[INFO] running `Command { std: "docker" "start" "-a" "6af97f43717fb3b3dd5fca3576f3b1b26a0fe0f8d47ea84650fe35587997cc69", kill_on_drop: false }`
[INFO] [stderr]    Compiling db-key v0.0.1
[INFO] [stderr]    Compiling strand v0.1.0
[INFO] [stdout] error: expected type, found `|`
[INFO] [stdout]  --> /opt/rustwide/cargo-home/registry/src/github.com-1ecc6299db9ec823/db-key-0.0.1/src/lib.rs:3:28
[INFO] [stdout]   |
[INFO] [stdout] 3 |   fn as_slice<T>(&self, f: |v: &[u8]| -> T) -> T;
[INFO] [stdout]   |                            ^ expected type
[INFO] [stdout] 
[INFO] [stdout] 
[INFO] [stdout] error: expected type, found `|`
[INFO] [stdout]   --> /opt/rustwide/cargo-home/registry/src/github.com-1ecc6299db9ec823/db-key-0.0.1/src/lib.rs:20:28
[INFO] [stdout]    |
[INFO] [stdout] 20 |   fn as_slice<T>(&self, f: |v: &[u8]| -> T) -> T {
[INFO] [stdout]    |                            ^ expected type
[INFO] [stdout] 
[INFO] [stdout] 
[INFO] [stdout] error: cannot find attribute `deriving` in this scope
[INFO] [stdout]  --> /opt/rustwide/cargo-home/registry/src/github.com-1ecc6299db9ec823/strand-0.1.0/src/errors.rs:2:3
[INFO] [stdout]   |
[INFO] [stdout] 2 | #[deriving(Show)]
[INFO] [stdout]   |   ^^^^^^^^
[INFO] [stdout] 
[INFO] [stdout] 
[INFO] [stdout] error[E0412]: cannot find type `int` in this scope
[INFO] [stdout]   --> /opt/rustwide/cargo-home/registry/src/github.com-1ecc6299db9ec823/strand-0.1.0/src/strand.rs:11:17
[INFO] [stdout]    |
[INFO] [stdout] 11 | impl Strand<Box<int>> for Box<int> {
[INFO] [stdout]    |                 ^^^ not found in this scope
[INFO] [stdout]    |
[INFO] [stdout] help: perhaps you intended to use this type
[INFO] [stdout]    |
[INFO] [stdout] 11 | impl Strand<Box<i32>> for Box<int> {
[INFO] [stdout]    |                 ^^^
[INFO] [stdout] help: you might be missing a type parameter
[INFO] [stdout]    |
[INFO] [stdout] 11 | impl<int> Strand<Box<int>> for Box<int> {
[INFO] [stdout]    |     ^^^^^
[INFO] [stdout] 
[INFO] [stdout] 
[INFO] [stdout] error[E0412]: cannot find type `int` in this scope
[INFO] [stdout]   --> /opt/rustwide/cargo-home/registry/src/github.com-1ecc6299db9ec823/strand-0.1.0/src/strand.rs:11:31
[INFO] [stdout]    |
[INFO] [stdout] 11 | impl Strand<Box<int>> for Box<int> {
[INFO] [stdout]    |                               ^^^ not found in this scope
[INFO] [stdout]    |
[INFO] [stdout] help: perhaps you intended to use this type
[INFO] [stdout]    |
[INFO] [stdout] 11 | impl Strand<Box<int>> for Box<i32> {
[INFO] [stdout]    |                               ^^^
[INFO] [stdout] help: you might be missing a type parameter
[INFO] [stdout]    |
[INFO] [stdout] 11 | impl<int> Strand<Box<int>> for Box<int> {
[INFO] [stdout]    |     ^^^^^
[INFO] [stdout] 
[INFO] [stdout] 
[INFO] [stdout] error[E0412]: cannot find type `int` in this scope
[INFO] [stdout]   --> /opt/rustwide/cargo-home/registry/src/github.com-1ecc6299db9ec823/strand-0.1.0/src/strand.rs:12:21
[INFO] [stdout]    |
[INFO] [stdout] 12 |   fn new(state: Box<int>) -> Box<int> {
[INFO] [stdout]    |                     ^^^ not found in this scope
[INFO] [stdout]    |
[INFO] [stdout] help: perhaps you intended to use this type
[INFO] [stdout]    |
[INFO] [stdout] 12 |   fn new(state: Box<i32>) -> Box<int> {
[INFO] [stdout]    |                     ^^^
[INFO] [stdout] help: you might be missing a type parameter
[INFO] [stdout]    |
[INFO] [stdout] 11 | impl<int> Strand<Box<int>> for Box<int> {
[INFO] [stdout]    |     ^^^^^
[INFO] [stdout] 
[INFO] [stdout] 
[INFO] [stdout] error[E0412]: cannot find type `int` in this scope
[INFO] [stdout]   --> /opt/rustwide/cargo-home/registry/src/github.com-1ecc6299db9ec823/strand-0.1.0/src/strand.rs:12:34
[INFO] [stdout]    |
[INFO] [stdout] 12 |   fn new(state: Box<int>) -> Box<int> {
[INFO] [stdout]    |                                  ^^^ not found in this scope
[INFO] [stdout]    |
[INFO] [stdout] help: perhaps you intended to use this type
[INFO] [stdout]    |
[INFO] [stdout] 12 |   fn new(state: Box<int>) -> Box<i32> {
[INFO] [stdout]    |                                  ^^^
[INFO] [stdout] help: you might be missing a type parameter
[INFO] [stdout]    |
[INFO] [stdout] 11 | impl<int> Strand<Box<int>> for Box<int> {
[INFO] [stdout]    |     ^^^^^
[INFO] [stdout] 
[INFO] [stdout] 
[INFO] [stdout] error[E0412]: cannot find type `int` in this scope
[INFO] [stdout]   --> /opt/rustwide/cargo-home/registry/src/github.com-1ecc6299db9ec823/strand-0.1.0/src/strand.rs:17:13
[INFO] [stdout]    |
[INFO] [stdout] 17 | impl Strand<int> for int {
[INFO] [stdout]    |             ^^^ not found in this scope
[INFO] [stdout]    |
[INFO] [stdout] help: perhaps you intended to use this type
[INFO] [stdout]    |
[INFO] [stdout] 17 | impl Strand<i32> for int {
[INFO] [stdout]    |             ^^^
[INFO] [stdout] help: you might be missing a type parameter
[INFO] [stdout]    |
[INFO] [stdout] 17 | impl<int> Strand<int> for int {
[INFO] [stdout]    |     ^^^^^
[INFO] [stdout] 
[INFO] [stdout] 
[INFO] [stdout] error[E0412]: cannot find type `int` in this scope
[INFO] [stdout]   --> /opt/rustwide/cargo-home/registry/src/github.com-1ecc6299db9ec823/strand-0.1.0/src/strand.rs:17:22
[INFO] [stdout]    |
[INFO] [stdout] 17 | impl Strand<int> for int {
[INFO] [stdout]    |                      ^^^
[INFO] [stdout]    |                      |
[INFO] [stdout]    |                      not found in this scope
[INFO] [stdout]    |                      help: perhaps you intended to use this type: `i32`
[INFO] [stdout] 
[INFO] [stdout] 
[INFO] [stdout] error[E0412]: cannot find type `int` in this scope
[INFO] [stdout]   --> /opt/rustwide/cargo-home/registry/src/github.com-1ecc6299db9ec823/strand-0.1.0/src/strand.rs:18:17
[INFO] [stdout]    |
[INFO] [stdout] 18 |   fn new(state: int) -> int {
[INFO] [stdout]    |                 ^^^
[INFO] [stdout]    |                 |
[INFO] [stdout]    |                 not found in this scope
[INFO] [stdout]    |                 help: perhaps you intended to use this type: `i32`
[INFO] [stdout] 
[INFO] [stdout] 
[INFO] [stdout] error[E0412]: cannot find type `int` in this scope
[INFO] [stdout]   --> /opt/rustwide/cargo-home/registry/src/github.com-1ecc6299db9ec823/strand-0.1.0/src/strand.rs:18:25
[INFO] [stdout]    |
[INFO] [stdout] 18 |   fn new(state: int) -> int {
[INFO] [stdout]    |                         ^^^
[INFO] [stdout]    |                         |
[INFO] [stdout]    |                         not found in this scope
[INFO] [stdout]    |                         help: perhaps you intended to use this type: `i32`
[INFO] [stdout] 
[INFO] [stdout] 
[INFO] [stdout] error[E0412]: cannot find type `int` in this scope
[INFO] [stdout]   --> /opt/rustwide/cargo-home/registry/src/github.com-1ecc6299db9ec823/strand-0.1.0/src/strand.rs:23:16
[INFO] [stdout]    |
[INFO] [stdout] 23 | impl Immutable<int> for int {
[INFO] [stdout]    |                ^^^ not found in this scope
[INFO] [stdout]    |
[INFO] [stdout] help: perhaps you intended to use this type
[INFO] [stdout]    |
[INFO] [stdout] 23 | impl Immutable<i32> for int {
[INFO] [stdout]    |                ^^^
[INFO] [stdout] help: you might be missing a type parameter
[INFO] [stdout]    |
[INFO] [stdout] 23 | impl<int> Immutable<int> for int {
[INFO] [stdout]    |     ^^^^^
[INFO] [stdout] 
[INFO] [stdout] 
[INFO] [stdout] error[E0412]: cannot find type `int` in this scope
[INFO] [stdout]   --> /opt/rustwide/cargo-home/registry/src/github.com-1ecc6299db9ec823/strand-0.1.0/src/strand.rs:23:25
[INFO] [stdout]    |
[INFO] [stdout] 23 | impl Immutable<int> for int {
[INFO] [stdout]    |                         ^^^
[INFO] [stdout]    |                         |
[INFO] [stdout]    |                         not found in this scope
[INFO] [stdout]    |                         help: perhaps you intended to use this type: `i32`
[INFO] [stdout] 
[INFO] [stdout] 
[INFO] [stdout] error[E0412]: cannot find type `int` in this scope
[INFO] [stdout]   --> /opt/rustwide/cargo-home/registry/src/github.com-1ecc6299db9ec823/strand-0.1.0/src/strand.rs:24:22
[INFO] [stdout]    |
[INFO] [stdout] 24 |   fn state(&self) -> int {
[INFO] [stdout]    |                      ^^^
[INFO] [stdout]    |                      |
[INFO] [stdout]    |                      not found in this scope
[INFO] [stdout]    |                      help: perhaps you intended to use this type: `i32`
[INFO] [stdout] 
[INFO] [stdout] 
[INFO] [stdout] error[E0412]: cannot find type `int` in this scope
[INFO] [stdout]  --> /opt/rustwide/cargo-home/registry/src/github.com-1ecc6299db9ec823/strand-0.1.0/src/branchable.rs:5:21
[INFO] [stdout]   |
[INFO] [stdout] 5 | impl Branchable for int {
[INFO] [stdout]   |                     ^^^
[INFO] [stdout]   |                     |
[INFO] [stdout]   |                     not found in this scope
[INFO] [stdout]   |                     help: perhaps you intended to use this type: `i32`
[INFO] [stdout] 
[INFO] [stdout] 
[INFO] [stdout] error[E0412]: cannot find type `int` in this scope
[INFO] [stdout]  --> /opt/rustwide/cargo-home/registry/src/github.com-1ecc6299db9ec823/strand-0.1.0/src/branchable.rs:6:22
[INFO] [stdout]   |
[INFO] [stdout] 6 |   fn branch(self) -> int {
[INFO] [stdout]   |                      ^^^
[INFO] [stdout]   |                      |
[INFO] [stdout]   |                      not found in this scope
[INFO] [stdout]   |                      help: perhaps you intended to use this type: `i32`
[INFO] [stdout] 
[INFO] [stdout] 
[INFO] [stdout] error[E0412]: cannot find type `int` in this scope
[INFO] [stdout]   --> /opt/rustwide/cargo-home/registry/src/github.com-1ecc6299db9ec823/db-key-0.0.1/src/lib.rs:10:14
[INFO] [stdout]    |
[INFO] [stdout] 10 | impl Key for int {
[INFO] [stdout]    |              ^^^
[INFO] [stdout]    |              |
[INFO] [stdout]    |              not found in this scope
[INFO] [stdout]    |              help: perhaps you intended to use this type: `i32`
[INFO] [stdout] 
[INFO] [stdout] 
[INFO] [stdout] error[E0412]: cannot find type `int` in this scope
[INFO] [stdout]   --> /opt/rustwide/cargo-home/registry/src/github.com-1ecc6299db9ec823/db-key-0.0.1/src/lib.rs:11:29
[INFO] [stdout]    |
[INFO] [stdout] 11 |   fn from_u8(key: &[u8]) -> int {
[INFO] [stdout]    |                             ^^^
[INFO] [stdout]    |                             |
[INFO] [stdout]    |                             not found in this scope
[INFO] [stdout]    |                             help: perhaps you intended to use this type: `i32`
[INFO] [stdout] 
[INFO] [stdout] 
[INFO] [stdout] error[E0412]: cannot find type `int` in this scope
[INFO] [stdout]   --> /opt/rustwide/cargo-home/registry/src/github.com-1ecc6299db9ec823/db-key-0.0.1/src/lib.rs:14:16
[INFO] [stdout]    |
[INFO] [stdout] 14 |     (key[0] as int) << 24 |
[INFO] [stdout]    |                ^^^
[INFO] [stdout]    |                |
[INFO] [stdout]    |                not found in this scope
[INFO] [stdout]    |                help: perhaps you intended to use this type: `i32`
[INFO] [stdout] 
[INFO] [stdout] 
[INFO] [stdout] error[E0412]: cannot find type `int` in this scope
[INFO] [stdout]   --> /opt/rustwide/cargo-home/registry/src/github.com-1ecc6299db9ec823/db-key-0.0.1/src/lib.rs:15:16
[INFO] [stdout]    |
[INFO] [stdout] 15 |     (key[1] as int) << 16 |
[INFO] [stdout]    |                ^^^
[INFO] [stdout]    |                |
[INFO] [stdout]    |                not found in this scope
[INFO] [stdout]    |                help: perhaps you intended to use this type: `i32`
[INFO] [stdout] 
[INFO] [stdout] 
[INFO] [stdout] error[E0412]: cannot find type `int` in this scope
[INFO] [stdout]   --> /opt/rustwide/cargo-home/registry/src/github.com-1ecc6299db9ec823/db-key-0.0.1/src/lib.rs:16:16
[INFO] [stdout]    |
[INFO] [stdout] 16 |     (key[2] as int) << 8 |
[INFO] [stdout]    |                ^^^
[INFO] [stdout]    |                |
[INFO] [stdout]    |                not found in this scope
[INFO] [stdout]    |                help: perhaps you intended to use this type: `i32`
[INFO] [stdout] 
[INFO] [stdout] 
[INFO] [stdout] error[E0412]: cannot find type `int` in this scope
[INFO] [stdout]   --> /opt/rustwide/cargo-home/registry/src/github.com-1ecc6299db9ec823/db-key-0.0.1/src/lib.rs:17:16
[INFO] [stdout]    |
[INFO] [stdout] 17 |     (key[3] as int)
[INFO] [stdout]    |                ^^^
[INFO] [stdout]    |                |
[INFO] [stdout]    |                not found in this scope
[INFO] [stdout]    |                help: perhaps you intended to use this type: `i32`
[INFO] [stdout] 
[INFO] [stdout] 
[INFO] [stdout] error[E0425]: cannot find function `f` in this scope
[INFO] [stdout]   --> /opt/rustwide/cargo-home/registry/src/github.com-1ecc6299db9ec823/db-key-0.0.1/src/lib.rs:26:5
[INFO] [stdout]    |
[INFO] [stdout] 26 |     f(&dst)
[INFO] [stdout]    |     ^ not found in this scope
[INFO] [stdout] 
[INFO] [stdout] 
[INFO] [stdout] error: aborting due to 14 previous errors
[INFO] [stdout] 
[INFO] [stdout] 
[INFO] [stdout] For more information about this error, try `rustc --explain E0412`.
[INFO] [stdout] 
[INFO] [stderr] error: could not compile `strand`
[INFO] [stderr] 
[INFO] [stderr] To learn more, run the command again with --verbose.
[INFO] [stderr] warning: build failed, waiting for other jobs to finish...
[INFO] [stdout] error[E0308]: mismatched types
[INFO] [stdout]   --> /opt/rustwide/cargo-home/registry/src/github.com-1ecc6299db9ec823/db-key-0.0.1/src/lib.rs:21:25
[INFO] [stdout]    |
[INFO] [stdout] 21 |     let mut dst = [0u8, ..4];
[INFO] [stdout]    |                         ^^^ expected `u8`, found struct `RangeTo`
[INFO] [stdout]    |
[INFO] [stdout]    = note: expected type `u8`
[INFO] [stdout]             found struct `RangeTo<{integer}>`
[INFO] [stdout] 
[INFO] [stdout] 
[INFO] [stdout] error: aborting due to 10 previous errors
[INFO] [stdout] 
[INFO] [stdout] 
[INFO] [stdout] Some errors have detailed explanations: E0308, E0412, E0425.
[INFO] [stdout] 
[INFO] [stdout] For more information about an error, try `rustc --explain E0308`.
[INFO] [stdout] 
[INFO] [stderr] error: build failed
[INFO] running `Command { std: "docker" "inspect" "6af97f43717fb3b3dd5fca3576f3b1b26a0fe0f8d47ea84650fe35587997cc69", kill_on_drop: false }`
[INFO] running `Command { std: "docker" "rm" "-f" "6af97f43717fb3b3dd5fca3576f3b1b26a0fe0f8d47ea84650fe35587997cc69", kill_on_drop: false }`
[INFO] [stdout] 6af97f43717fb3b3dd5fca3576f3b1b26a0fe0f8d47ea84650fe35587997cc69
